, what is 23bc + 5?
23c2
In base 7, what is -4 + -5256?
-5263
In base 15, what is 2b0d - -5?
2b13
In base 13, what is 262 + -4?
25b
In base 7, what is -400 - 6?
-406
In base 5, what is -3 - 130?
-133
In base 6, what is -10315 + 0?
-10315
In base 12, what is bb2 + -b?
ba3
In base 15, what is 0 + 1c?
1c
In base 10, what is -4 + -95?
-99
In base 11, what is -1000 + -2?
-1002
In base 8, what is 241 + 0?
241
In base 4, what is 12 + 101211?
101223
In base 5, what is 3 + 23400?
23403
In base 13, what is -18 - 4?
-1c
In base 3, what is 110 - 110020?
-102210
In base 15, what is 1ca + a?
1d5
In base 3, what is -12000 + -10?
-12010
In base 2, what is -1000100 + -101010?
-1101110
In base 6, what is -3154 + 0?
-3154
In base 5, what is -14333 + 4?
-14324
In base 5, what is 103 + 40?
143
In base 16, what is -16 - 0?
-16
In base 12, what is 2 - -20?
22
In base 5, what is 434 - -2?
441
In base 11, what is -49 + -1?
-4a
In base 16, what is -3 + -11?
-14
In base 16, what is 0 + 76b?
76b
In base 5, what is -141202 - 3?
-141210
In base 15, what is 93 + -9?
89
In base 11, what is -4 + 51?
48
In base 14, what is -137 + -7?
-140
In base 6, what is 2 + -440?
-434
In base 7, what is 5 + 25?
33
In base 2, what is -11000110 - -1111?
-10110111
In base 7, what is 2 - -15?
20
In base 13, what is -6 - 29?
-32
In base 9, what is 7156 - -3?
7160
In base 14, what is 4 + 403?
407
In base 4, what is 0 - -323122?
323122
In base 15, what is 1cca + 1?
1ccb
In base 8, what is 144 - 5?
137
In base 10, what is -384 + -3?
-387
In base 14, what is -35b - 4?
-361
In base 2, what is 1110000101 - 100?
1110000001
In base 5, what is 10000 - -4?
10004
In base 2, what is 1000011 + 1011?
1001110
In base 3, what is -1 + 10100?
10022
In base 6, what is 10 - -30?
40
In base 8, what is -110 + -57?
-167
In base 15, what is 5 + -1c?
-17
In base 3, what is -2 - -200020?
200011
In base 4, what is -10 - -1220?
1210
In base 14, what is -1a + 143?
127
In base 7, what is 3 + 41?
44
In base 15, what is -4 + 11?
c
In base 15, what is 3 + 8?
b
In base 8, what is -136 - -6?
-130
In base 10, what is 138 + 3?
141
In base 16, what is -1c + -17?
-33
In base 13, what is 185 + -15?
170
In base 14, what is bc + 1?
bd
In base 8, what is -11 + 3?
-6
In base 2, what is 1101110 - 100?
1101010
In base 13, what is -4c + -32?
-81
In base 4, what is 2 - -13320?
13322
In base 14, what is -80 + 0?
-80
In base 15, what is 1d9 - 5?
1d4
In base 3, what is -2 - -12021?
12012
In base 10, what is 1 + -61?
-60
In base 6, what is -2 - 4303?
-4305
In base 10, what is -19 + 36?
17
In base 15, what is e + -531?
-522
In base 11, what is 64 - -20?
84
In base 13, what is -2 + 37?
35
In base 11, what is -601 + 5?
-5a7
In base 16, what is 45 + 1?
46
In base 5, what is -3 - 242?
-300
In base 2, what is -1110 + -110100?
-1000010
In base 11, what is -5 + 95a?
955
In base 2, what is 1010011 - 10111?
111100
In base 16, what is 70 - -2?
72
In base 7, what is 0 - -2324?
2324
In base 3, what is 1 + 10102210?
10102211
In base 7, what is -110251 - -4?
-110244
In base 7, what is 3602 - -6?
3611
In base 6, what is 212 - -125?
341
In base 3, what is -2100012 + 11?
-2100001
In base 4, what is 1031 - 2?
1023
In base 2, what is 1 + -110011?
-110010
In base 2, what is 110101 + -1?
110100
In base 2, what is 101 + 100111?
101100
In base 10, what is -4 + -10?
-14
In base 10, what is -13 + -212?
-225
In base 3, what is -10 + 2022?
2012
In base 14, what is 2 + -43b?
-439
In base 11, what is -5 + -182?
-187
In base 14, what is -32 + 63?
31
In base 6, what is -1013 + -11?
-1024
In base 6, what is -4 + 20053?
20045
In base 16, what is 0 + -8f?
-8f
In base 13, what is 0 + 48?
48
In base 6, what is 10100 - 12?
10044
In base 15, what is -1 - 60c?
-60d
In base 10, what is 1 + 118?
119
In base 12, what is b8a4 - -4?
b8a8
In base 8, what is 1 - -65?
66
In base 11, what is 73 + 3?
76
In base 14, what is -10 + 106?
d6
In base 6, what is -2332 + 12?
-2320
In base 4, what is 12 + -3110?
-3032
In base 10, what is 4 + -4422?
-4418
In base 6, what is 5 - 341?
-332
In base 13, what is -129 + -3?
-12c
In base 2, what is 100111 - -11001101?
11110100
In base 2, what is -11 - 1000101?
-1001000
In base 2, what is 1000000111 - 110?
1000000001
In base 13, what is -58c + -5?
-594
In base 13, what is -6c + 5?
-67
In base 14, what is -378 - 3?
-37b
In base 14, what is 0 - b2?
-b2
In base 10, what is 4 + 64?
68
In base 2, what is -1011111 - -1010111?
-1000
In base 9, what is 55 - -120?
175
In base 9, what is 13 - 812?
-788
In base 5, what is -3020 - 10?
-3030
In base 7, what is -234 + -3?
-240
In base 14, what is 1 - 11?
-10
In base 2, what is -110 + 1101?
111
In base 13, what is -2 - -a1c?
a1a
In base 15, what is -317 - -4?
-313
In base 4, what is -103102 + -10?
-103112
In base 2, what is -1110011000 + 1111?
-1110001001
In base 5, what is -3 - 3000?
-3003
In base 3, what is 2 - 1211111?
-1211102
In base 9, what is 1 + -36?
-35
In base 13, what is -142 - -6?
-139
In base 13, what is 16 - 7?
c
In base 5, what is -3 + 404?
401
In base 15, what is 3 + -101?
-ed
In base 6, what is -43 + 2?
-41
In base 3, what is -1002 - -121?
-111
In base 14, what is 48c6 + -3?
48c3
In base 3, what is 1100001 + -11?
1022220
In base 5, what is 34 + -1230?
-1141
In base 14, what is a + 18b?
197
In base 5, what is 1311300 - -2?
1311302
In base 5, what is 140141 + 0?
140141
In base 4, what is 2 - -32202?
32210
In base 13, what is -417 + -a?
-424
In base 12, what is -74a - 0?
-74a
In base 10, what is 12 + 123?
135
In base 15, what is 3 - -3?
6
In base 8, what is -10617 - 0?
-10617
In base 16, what is -1b - -8?
-13
In base 14, what is -59 + 5?
-54
In base 8, what is -123 - 3?
-126
In base 16, what is -19 - 51?
-6a
In base 2, what is 10100110111 + -10?
10100110101
In base 11, what is 841 + 1?
842
In base 10, what is 52 + -83?
-31
In base 13, what is ac8 + 3?
acb
In base 8, what is 1 - 3?
-2
In base 11, what is -1 - -245?
244
In base 4, what is 2113 - -1?
2120
In base 8, what is -50 + 7?
-41
In base 4, what is -1 + -20?
-21
In base 10, what is -2 + -3175?
-3177
In base 4, what is 111 + 111?
222
In base 12, what is 3 - -38?
3b
In base 12, what is -126 - 4?
-12a
In base 4, what is 1032 + -3?
1023
In base 16, what is -3 + 10?
d
In base 2, what is 1010 - 100101?
-11011
In base 15, what is 8 + -101?
-e8
In base 3, what is 22021 + -11?
22010
In base 4, what is -11010323 + 3?
-11010320
In base 10, what is 2 + -146?
-144
In base 12, what is -5 + 401?
3b8
In base 5, what is -11 - 43?
-104
In base 15, what is -16c + -18?
-185
In base 4, what is 2100 - 11?
2023
In base 12, what is b600 - 2?
b5ba
In base 2, what is -1 + -110011001?
-110011010
In base 3, what is 10 - -201120?
201200
In base 4, what is 3 - -1?
10
In base 13, what is -7 - 5?
-c
In base 10, what is 646 + 3?
649
In base 2, what is -11010111101 + -101?
-11011000010
In base 2, what is 10 + -111101?
-111011
In base 13, what is -2 + 8?
6
In base 7, what is 51 + -13?
35
In base 13, what is -1 - -60?
5c
In base 4, what is -200 - 0?
-200
In base 8, what is 451 - -4?
455
In base 11, what is -3 - -90?
88
In base 16, what is -e8 - -1?
-e7
In base 2, what is 0 + 100110011000?
100110011000
In base 16, what is -900 + 6?
-8fa
In base 16, what is 4 + -9b?
-97
In base 8, what is 454 - 3?
451
In base 5, what is -331 - 1?
-332
In base 3, what is 1201102 - 12?
1201020
In base 12, what is -105 + 62?
-63
In base 16, what is b - -5b?
66
In base 13, what is 8 + 220?
228
In base 14, what is -2c - 3?
-31
In base 10, what is 3 + 94?
97
In base 6, what is -312103 - 2?
-312105
In base 16, what is -7 - -218?
211
In base 7, what is -64 - 20?
-114
In base 9, what is 3 + 54?
57
In base 14, what is -2 + b8?
b6
In base 7, what is 10 + -2?
5
In base 10, what is 4 + 106?
110
In base 14, what is -26b - -2?
-269
In base 3, what is 11 - -1221?
2002
In base 15, what is 2 + 5d6?
5d8
In base 11, what is 5 - 4671?
-4667
In base 6, what is -11 - -11140?
11125
In base 13, what is 3 + 97?
9a
In base 10, what is 3 + -66?
-63
In base 13, what is -2 - -3c?
3a
In base 7, what is -200 + -3?
-203
In base 14, what is -4 - -b4?
b0
In base 7, what is -41 - 4?
-45
In base 10, what is 1 + -283?
-282
In base 4, what is 11 + 111?
122
In base 7, what is -5 + 1632?
1624
In base 5, what is 11 - 30?
-14
In base 6, what is 2054 